{"id":272,"date":"2025-03-25T17:09:39","date_gmt":"2025-03-25T17:09:39","guid":{"rendered":"https:\/\/stucco.ee\/?page_id=272"},"modified":"2026-03-16T18:41:04","modified_gmt":"2026-03-16T18:41:04","slug":"meta-description-main-page","status":"publish","type":"page","link":"https:\/\/stucco.ee\/","title":{"rendered":"Main Page"},"content":{"rendered":"\t\t<div data-elementor-type=\"wp-page\" data-elementor-id=\"272\" class=\"elementor elementor-272\" data-elementor-post-type=\"page\">\n\t\t\t\t<div class=\"elementor-element elementor-element-a8f8c5e e-flex e-con-boxed e-con e-parent\" data-id=\"a8f8c5e\" data-element_type=\"container\" data-e-type=\"container\">\n\t\t\t\t\t<div class=\"e-con-inner\">\n\t\t\t\t<div class=\"elementor-element elementor-element-8213af7 elementor-widget elementor-widget-heading\" data-id=\"8213af7\" data-element_type=\"widget\" data-e-type=\"widget\" data-widget_type=\"heading.default\">\n\t\t\t\t<div class=\"elementor-widget-container\">\n\t\t\t\t\t<h1 class=\"elementor-heading-title elementor-size-default\">Venetian Plaster in Estonia \u2014 Premium Interior Finish<\/h1>\t\t\t\t<\/div>\n\t\t\t\t<\/div>\n\t\t\t\t\t<\/div>\n\t\t\t\t<\/div>\n\t\t<div class=\"elementor-element elementor-element-07ab38d e-con-full e-flex e-con e-parent\" data-id=\"07ab38d\" data-element_type=\"container\" data-e-type=\"container\">\n\t\t<div class=\"elementor-element elementor-element-6c902fa e-con-full e-flex e-con e-child\" data-id=\"6c902fa\" data-element_type=\"container\" data-e-type=\"container\">\n\t\t\t\t<div class=\"elementor-element elementor-element-31798e7 elementor-widget elementor-widget-text-editor\" data-id=\"31798e7\" data-element_type=\"widget\" data-e-type=\"widget\" data-widget_type=\"text-editor.default\">\n\t\t\t\t<div class=\"elementor-widget-container\">\n\t\t\t\t\t\t\t\t\t<h6 class=\"ds-markdown-paragraph\" style=\"text-align: left;\"><a href=\"https:\/\/stucco.ee\/\" target=\"_blank\" rel=\"noopener noreferrer\">Stucco.ee<\/a>\u00a0offers professional Venetian plaster application in Tallinn, Tartu, P\u00e4rnu and throughout Estonia. We create unique interiors using classic Italian techniques and modern materials. Venetian plaster (stucco veneziano) is not just wall covering, but a true art that gives your home depth, light and the nobility of natural stone.<\/h6><h6><a href=\"https:\/\/stucco.ee\/\" target=\"_blank\" rel=\"noopener noreferrer\">Stucco.ee<\/a>\u00a0pakub professionaalset veneetsia krohvi paigaldust Tallinnas, Tartus, P\u00e4rnus ja \u00fcle Eesti. Loome ainulaadseid interj\u00f6\u00f6re, kasutades klassikalisi Itaalia tehnikaid ja kaasaegseid materjale. Veneetsia krohv (stucco veneziano) pole lihtsalt seinakate, vaid t\u00f5eline kunst, mis annab teie kodule s\u00fcgavust, valgust ja loodusliku kivi \u00fcllasust.<\/h6><h6><a href=\"https:\/\/stucco.ee\/\" target=\"_blank\" rel=\"noopener noreferrer\">Stucco.ee<\/a>\u00a0\u2014 \u044d\u0442\u043e \u043f\u0440\u043e\u0444\u0435\u0441\u0441\u0438\u043e\u043d\u0430\u043b\u044c\u043d\u043e\u0435 \u043d\u0430\u043d\u0435\u0441\u0435\u043d\u0438\u0435 \u0432\u0435\u043d\u0435\u0446\u0438\u0430\u043d\u0441\u043a\u043e\u0439 \u0448\u0442\u0443\u043a\u0430\u0442\u0443\u0440\u043a\u0438 \u0432 \u0422\u0430\u043b\u043b\u0438\u043d\u0435, \u0422\u0430\u0440\u0442\u0443, \u041f\u044f\u0440\u043d\u0443 \u0438 \u043f\u043e \u0432\u0441\u0435\u0439 \u042d\u0441\u0442\u043e\u043d\u0438\u0438. \u041c\u044b \u0441\u043e\u0437\u0434\u0430\u0451\u043c \u0443\u043d\u0438\u043a\u0430\u043b\u044c\u043d\u044b\u0435 \u0438\u043d\u0442\u0435\u0440\u044c\u0435\u0440\u044b, \u0438\u0441\u043f\u043e\u043b\u044c\u0437\u0443\u044f \u043a\u043b\u0430\u0441\u0441\u0438\u0447\u0435\u0441\u043a\u0438\u0435 \u0438\u0442\u0430\u043b\u044c\u044f\u043d\u0441\u043a\u0438\u0435 \u0442\u0435\u0445\u043d\u0438\u043a\u0438 \u0438 \u0441\u043e\u0432\u0440\u0435\u043c\u0435\u043d\u043d\u044b\u0435 \u043c\u0430\u0442\u0435\u0440\u0438\u0430\u043b\u044b. \u0412\u0435\u043d\u0435\u0446\u0438\u0430\u043d\u0441\u043a\u0430\u044f \u0448\u0442\u0443\u043a\u0430\u0442\u0443\u0440\u043a\u0430 (stucco veneziano) \u2014 \u044d\u0442\u043e \u043d\u0435 \u043f\u0440\u043e\u0441\u0442\u043e \u043e\u0442\u0434\u0435\u043b\u043a\u0430 \u0441\u0442\u0435\u043d, \u0430 \u043d\u0430\u0441\u0442\u043e\u044f\u0449\u0435\u0435 \u0438\u0441\u043a\u0443\u0441\u0441\u0442\u0432\u043e, \u043a\u043e\u0442\u043e\u0440\u043e\u0435 \u043f\u0440\u0438\u0434\u0430\u0451\u0442 \u0432\u0430\u0448\u0435\u043c\u0443 \u0434\u043e\u043c\u0443 \u0433\u043b\u0443\u0431\u0438\u043d\u0443, \u0441\u0432\u0435\u0442 \u0438 \u0431\u043b\u0430\u0433\u043e\u0440\u043e\u0434\u0441\u0442\u0432\u043e \u043d\u0430\u0442\u0443\u0440\u0430\u043b\u044c\u043d\u043e\u0433\u043e \u043a\u0430\u043c\u043d\u044f.<\/h6>\t\t\t\t\t\t\t\t<\/div>\n\t\t\t\t<\/div>\n\t\t\t\t<\/div>\n\t\t<div class=\"elementor-element elementor-element-0ec5445 e-con-full e-flex e-con e-child\" data-id=\"0ec5445\" data-element_type=\"container\" data-e-type=\"container\">\n\t\t<div class=\"elementor-element elementor-element-fedac0c e-con-full e-flex e-con e-child\" data-id=\"fedac0c\" data-element_type=\"container\" data-e-type=\"container\">\n\t\t\t\t<div class=\"elementor-element elementor-element-a8ce3f8 elementor-widget__width-initial elementor-widget elementor-widget-image\" data-id=\"a8ce3f8\" data-element_type=\"widget\" data-e-type=\"widget\" data-widget_type=\"image.default\">\n\t\t\t\t<div class=\"elementor-widget-container\">\n\t\t\t\t\t\t\t\t\t\t\t\t\t\t\t<img fetchpriority=\"high\" decoding=\"async\" width=\"300\" height=\"225\" src=\"https:\/\/stucco.ee\/wp-content\/uploads\/2026\/03\/IMG_20251110_085602-300x225.jpg\" class=\"attachment-medium size-medium wp-image-591\" alt=\"\" srcset=\"https:\/\/stucco.ee\/wp-content\/uploads\/2026\/03\/IMG_20251110_085602-300x225.jpg 300w, https:\/\/stucco.ee\/wp-content\/uploads\/2026\/03\/IMG_20251110_085602-1024x768.jpg 1024w, https:\/\/stucco.ee\/wp-content\/uploads\/2026\/03\/IMG_20251110_085602-768x576.jpg 768w, https:\/\/stucco.ee\/wp-content\/uploads\/2026\/03\/IMG_20251110_085602-1536x1152.jpg 1536w, https:\/\/stucco.ee\/wp-content\/uploads\/2026\/03\/IMG_20251110_085602-2048x1536.jpg 2048w\" sizes=\"(max-width: 300px) 100vw, 300px\" \/>\t\t\t\t\t\t\t\t\t\t\t\t\t\t\t<\/div>\n\t\t\t\t<\/div>\n\t\t\t\t<\/div>\n\t\t<div class=\"elementor-element elementor-element-d1fc063 e-con-full e-flex e-con e-child\" data-id=\"d1fc063\" data-element_type=\"container\" data-e-type=\"container\">\n\t\t\t\t<div class=\"elementor-element elementor-element-1b78992 elementor-widget elementor-widget-text-editor\" data-id=\"1b78992\" data-element_type=\"widget\" data-e-type=\"widget\" data-widget_type=\"text-editor.default\">\n\t\t\t\t<div class=\"elementor-widget-container\">\n\t\t\t\t\t\t\t\t\t<h6 style=\"text-align: left;\">Why choose us? Natural materials, eco-friendliness, moisture resistance and durability of coatings. We work with designers and private clients. We&#8217;ll help you choose the texture and color for any interior.<\/h6><h6>Miks valida meid? Looduslikud materjalid, keskkonnas\u00f5bralikkus, niiskuskindlus ja katete vastupidavus. Teeme koost\u00f6\u00f6d disainerite ja eraklientidega. Aitame leida tekstuuri ja v\u00e4rvi, mis sobib igasse interj\u00f6\u00f6ri.<\/h6><h6>\u041f\u043e\u0447\u0435\u043c\u0443 \u0432\u044b\u0431\u0438\u0440\u0430\u044e\u0442 \u043d\u0430\u0441? \u041d\u0430\u0442\u0443\u0440\u0430\u043b\u044c\u043d\u044b\u0435 \u043c\u0430\u0442\u0435\u0440\u0438\u0430\u043b\u044b, \u044d\u043a\u043e\u043b\u043e\u0433\u0438\u0447\u043d\u043e\u0441\u0442\u044c, \u0432\u043b\u0430\u0433\u043e\u0441\u0442\u043e\u0439\u043a\u043e\u0441\u0442\u044c \u0438 \u0434\u043e\u043b\u0433\u043e\u0432\u0435\u0447\u043d\u043e\u0441\u0442\u044c \u043f\u043e\u043a\u0440\u044b\u0442\u0438\u0439. \u0420\u0430\u0431\u043e\u0442\u0430\u0435\u043c \u0441 \u0434\u0438\u0437\u0430\u0439\u043d\u0435\u0440\u0430\u043c\u0438 \u0438 \u0447\u0430\u0441\u0442\u043d\u044b\u043c\u0438 \u043a\u043b\u0438\u0435\u043d\u0442\u0430\u043c\u0438. \u041f\u043e\u043c\u043e\u0436\u0435\u043c \u043f\u043e\u0434\u043e\u0431\u0440\u0430\u0442\u044c \u0444\u0430\u043a\u0442\u0443\u0440\u0443 \u0438 \u0446\u0432\u0435\u0442 \u043f\u043e\u0434 \u043b\u044e\u0431\u043e\u0439 \u0438\u043d\u0442\u0435\u0440\u044c\u0435\u0440.<\/h6>\t\t\t\t\t\t\t\t<\/div>\n\t\t\t\t<\/div>\n\t\t\t\t<\/div>\n\t\t\t\t<\/div>\n\t\t\t\t<\/div>\n\t\t\t\t<\/div>\n\t\t","protected":false},"excerpt":{"rendered":"<p>Venetian Plaster in Estonia \u2014 Premium Interior Finish Stucco.ee\u00a0offers professional Venetian plaster application in Tallinn, Tartu, P\u00e4rnu and throughout Estonia. [&hellip;]<\/p>\n","protected":false},"author":1,"featured_media":0,"parent":0,"menu_order":0,"comment_status":"closed","ping_status":"closed","template":"","meta":{"site-sidebar-layout":"no-sidebar","site-content-layout":"","ast-site-content-layout":"full-width-container","site-content-style":"default","site-sidebar-style":"default","ast-global-header-display":"","ast-banner-title-visibility":"","ast-main-header-display":"","ast-hfb-above-header-display":"","ast-hfb-below-header-display":"","ast-hfb-mobile-header-display":"","site-post-title":"disabled","ast-breadcrumbs-content":"","ast-featured-img":"disabled","footer-sml-layout":"","ast-disable-related-posts":"","theme-transparent-header-meta":"","adv-header-id-meta":"","stick-header-meta":"","header-above-stick-meta":"","header-main-stick-meta":"","header-below-stick-meta":"","astra-migrate-meta-layouts":"default","ast-page-background-enabled":"default","ast-page-background-meta":{"desktop":{"background-color":"var(--ast-global-color-5)","background-image":"","background-repeat":"repeat","background-position":"center center","background-size":"auto","background-attachment":"scroll","background-type":"","background-media":"","overlay-type":"","overlay-color":"","overlay-opacity":"","overlay-gradient":""},"tablet":{"background-color":"","background-image":"","background-repeat":"repeat","background-position":"center center","background-size":"auto","background-attachment":"scroll","background-type":"","background-media":"","overlay-type":"","overlay-color":"","overlay-opacity":"","overlay-gradient":""},"mobile":{"background-color":"","background-image":"","background-repeat":"repeat","background-position":"center center","background-size":"auto","background-attachment":"scroll","background-type":"","background-media":"","overlay-type":"","overlay-color":"","overlay-opacity":"","overlay-gradient":""}},"ast-content-background-meta":{"desktop":{"background-color":"var(--ast-global-color-4)","background-image":"","background-repeat":"repeat","background-position":"center center","background-size":"auto","background-attachment":"scroll","background-type":"","background-media":"","overlay-type":"","overlay-color":"","overlay-opacity":"","overlay-gradient":""},"tablet":{"background-color":"var(--ast-global-color-4)","background-image":"","background-repeat":"repeat","background-position":"center center","background-size":"auto","background-attachment":"scroll","background-type":"","background-media":"","overlay-type":"","overlay-color":"","overlay-opacity":"","overlay-gradient":""},"mobile":{"background-color":"var(--ast-global-color-4)","background-image":"","background-repeat":"repeat","background-position":"center center","background-size":"auto","background-attachment":"scroll","background-type":"","background-media":"","overlay-type":"","overlay-color":"","overlay-opacity":"","overlay-gradient":""}},"footnotes":""},"class_list":["post-272","page","type-page","status-publish","hentry"],"yoast_head":"<!-- This site is optimized with the Yoast SEO plugin v27.1.1 - https:\/\/yoast.com\/product\/yoast-seo-wordpress\/ -->\n<title>Main Page - Stucco.ee<\/title>\n<meta name=\"description\" content=\"Venetian Plaster in EstoniaTransform Your Interior with Italian EleganceDo you want unique walls that look like natural marble but cost a reasonable price?Venetian plaster (stucco veneziano) is the perfect solution for living rooms, bedrooms, hallways, and even bathrooms. We work throughout Estonia: Tallinn, Tartu, P\u00e4rnu, Narva.Why choose us?We work with designers and private clients \u2014 on-site visit, measurement, and consultation for free.\" \/>\n<meta name=\"robots\" content=\"index, follow, max-snippet:-1, max-image-preview:large, max-video-preview:-1\" \/>\n<link rel=\"canonical\" href=\"https:\/\/stucco.ee\/\" \/>\n<meta property=\"og:locale\" content=\"ru_RU\" \/>\n<meta property=\"og:type\" content=\"article\" \/>\n<meta property=\"og:title\" content=\"Main Page - Stucco.ee\" \/>\n<meta property=\"og:description\" content=\"Venetian Plaster in EstoniaTransform Your Interior with Italian EleganceDo you want unique walls that look like natural marble but cost a reasonable price?Venetian plaster (stucco veneziano) is the perfect solution for living rooms, bedrooms, hallways, and even bathrooms. We work throughout Estonia: Tallinn, Tartu, P\u00e4rnu, Narva.Why choose us?We work with designers and private clients \u2014 on-site visit, measurement, and consultation for free.\" \/>\n<meta property=\"og:url\" content=\"https:\/\/stucco.ee\/\" \/>\n<meta property=\"og:site_name\" content=\"Stucco.ee\" \/>\n<meta property=\"article:modified_time\" content=\"2026-03-16T18:41:04+00:00\" \/>\n<meta property=\"og:image\" content=\"https:\/\/stucco.ee\/wp-content\/uploads\/2026\/03\/IMG_20251110_085602-scaled.jpg\" \/>\n\t<meta property=\"og:image:width\" content=\"2560\" \/>\n\t<meta property=\"og:image:height\" content=\"1920\" \/>\n\t<meta property=\"og:image:type\" content=\"image\/jpeg\" \/>\n<meta name=\"twitter:card\" content=\"summary_large_image\" \/>\n<meta name=\"twitter:label1\" content=\"\u041f\u0440\u0438\u043c\u0435\u0440\u043d\u043e\u0435 \u0432\u0440\u0435\u043c\u044f \u0434\u043b\u044f \u0447\u0442\u0435\u043d\u0438\u044f\" \/>\n\t<meta name=\"twitter:data1\" content=\"2 \u043c\u0438\u043d\u0443\u0442\u044b\" \/>\n<script type=\"application\/ld+json\" class=\"yoast-schema-graph\">{\"@context\":\"https:\/\/schema.org\",\"@graph\":[{\"@type\":\"WebPage\",\"@id\":\"https:\/\/stucco.ee\/\",\"url\":\"https:\/\/stucco.ee\/\",\"name\":\"Main Page - Stucco.ee\",\"isPartOf\":{\"@id\":\"https:\/\/stucco.ee\/#website\"},\"primaryImageOfPage\":{\"@id\":\"https:\/\/stucco.ee\/#primaryimage\"},\"image\":{\"@id\":\"https:\/\/stucco.ee\/#primaryimage\"},\"thumbnailUrl\":\"https:\/\/stucco.ee\/wp-content\/uploads\/2026\/03\/IMG_20251110_085602-300x225.jpg\",\"datePublished\":\"2025-03-25T17:09:39+00:00\",\"dateModified\":\"2026-03-16T18:41:04+00:00\",\"description\":\"Venetian Plaster in EstoniaTransform Your Interior with Italian EleganceDo you want unique walls that look like natural marble but cost a reasonable price?Venetian plaster (stucco veneziano) is the perfect solution for living rooms, bedrooms, hallways, and even bathrooms. We work throughout Estonia: Tallinn, Tartu, P\u00e4rnu, Narva.Why choose us?We work with designers and private clients \u2014 on-site visit, measurement, and consultation for free.\",\"breadcrumb\":{\"@id\":\"https:\/\/stucco.ee\/#breadcrumb\"},\"inLanguage\":\"ru-RU\",\"potentialAction\":[{\"@type\":\"ReadAction\",\"target\":[\"https:\/\/stucco.ee\/\"]}]},{\"@type\":\"ImageObject\",\"inLanguage\":\"ru-RU\",\"@id\":\"https:\/\/stucco.ee\/#primaryimage\",\"url\":\"https:\/\/stucco.ee\/wp-content\/uploads\/2026\/03\/IMG_20251110_085602-scaled.jpg\",\"contentUrl\":\"https:\/\/stucco.ee\/wp-content\/uploads\/2026\/03\/IMG_20251110_085602-scaled.jpg\",\"width\":2560,\"height\":1920},{\"@type\":\"BreadcrumbList\",\"@id\":\"https:\/\/stucco.ee\/#breadcrumb\",\"itemListElement\":[{\"@type\":\"ListItem\",\"position\":1,\"name\":\"\u0413\u043b\u0430\u0432\u043d\u0430\u044f \u0441\u0442\u0440\u0430\u043d\u0438\u0446\u0430\",\"item\":\"https:\/\/stucco.ee\/\"},{\"@type\":\"ListItem\",\"position\":2,\"name\":\"Main Page\"}]},{\"@type\":\"WebSite\",\"@id\":\"https:\/\/stucco.ee\/#website\",\"url\":\"https:\/\/stucco.ee\/\",\"name\":\"Stucco.ee\",\"description\":\"Venetian Plastering in Estonia\",\"publisher\":{\"@id\":\"https:\/\/stucco.ee\/#organization\"},\"potentialAction\":[{\"@type\":\"SearchAction\",\"target\":{\"@type\":\"EntryPoint\",\"urlTemplate\":\"https:\/\/stucco.ee\/?s={search_term_string}\"},\"query-input\":{\"@type\":\"PropertyValueSpecification\",\"valueRequired\":true,\"valueName\":\"search_term_string\"}}],\"inLanguage\":\"ru-RU\"},{\"@type\":\"Organization\",\"@id\":\"https:\/\/stucco.ee\/#organization\",\"name\":\"Stucco.ee\",\"url\":\"https:\/\/stucco.ee\/\",\"logo\":{\"@type\":\"ImageObject\",\"inLanguage\":\"ru-RU\",\"@id\":\"https:\/\/stucco.ee\/#\/schema\/logo\/image\/\",\"url\":\"https:\/\/stucco.ee\/wp-content\/uploads\/2025\/03\/cropped-Logo-1-2.jpg\",\"contentUrl\":\"https:\/\/stucco.ee\/wp-content\/uploads\/2025\/03\/cropped-Logo-1-2.jpg\",\"width\":512,\"height\":512,\"caption\":\"Stucco.ee\"},\"image\":{\"@id\":\"https:\/\/stucco.ee\/#\/schema\/logo\/image\/\"}}]}<\/script>\n<!-- \/ Yoast SEO plugin. -->","yoast_head_json":{"title":"Main Page - Stucco.ee","description":"Venetian Plaster in EstoniaTransform Your Interior with Italian EleganceDo you want unique walls that look like natural marble but cost a reasonable price?Venetian plaster (stucco veneziano) is the perfect solution for living rooms, bedrooms, hallways, and even bathrooms. We work throughout Estonia: Tallinn, Tartu, P\u00e4rnu, Narva.Why choose us?We work with designers and private clients \u2014 on-site visit, measurement, and consultation for free.","robots":{"index":"index","follow":"follow","max-snippet":"max-snippet:-1","max-image-preview":"max-image-preview:large","max-video-preview":"max-video-preview:-1"},"canonical":"https:\/\/stucco.ee\/","og_locale":"ru_RU","og_type":"article","og_title":"Main Page - Stucco.ee","og_description":"Venetian Plaster in EstoniaTransform Your Interior with Italian EleganceDo you want unique walls that look like natural marble but cost a reasonable price?Venetian plaster (stucco veneziano) is the perfect solution for living rooms, bedrooms, hallways, and even bathrooms. We work throughout Estonia: Tallinn, Tartu, P\u00e4rnu, Narva.Why choose us?We work with designers and private clients \u2014 on-site visit, measurement, and consultation for free.","og_url":"https:\/\/stucco.ee\/","og_site_name":"Stucco.ee","article_modified_time":"2026-03-16T18:41:04+00:00","og_image":[{"width":2560,"height":1920,"url":"https:\/\/stucco.ee\/wp-content\/uploads\/2026\/03\/IMG_20251110_085602-scaled.jpg","type":"image\/jpeg"}],"twitter_card":"summary_large_image","twitter_misc":{"\u041f\u0440\u0438\u043c\u0435\u0440\u043d\u043e\u0435 \u0432\u0440\u0435\u043c\u044f \u0434\u043b\u044f \u0447\u0442\u0435\u043d\u0438\u044f":"2 \u043c\u0438\u043d\u0443\u0442\u044b"},"schema":{"@context":"https:\/\/schema.org","@graph":[{"@type":"WebPage","@id":"https:\/\/stucco.ee\/","url":"https:\/\/stucco.ee\/","name":"Main Page - Stucco.ee","isPartOf":{"@id":"https:\/\/stucco.ee\/#website"},"primaryImageOfPage":{"@id":"https:\/\/stucco.ee\/#primaryimage"},"image":{"@id":"https:\/\/stucco.ee\/#primaryimage"},"thumbnailUrl":"https:\/\/stucco.ee\/wp-content\/uploads\/2026\/03\/IMG_20251110_085602-300x225.jpg","datePublished":"2025-03-25T17:09:39+00:00","dateModified":"2026-03-16T18:41:04+00:00","description":"Venetian Plaster in EstoniaTransform Your Interior with Italian EleganceDo you want unique walls that look like natural marble but cost a reasonable price?Venetian plaster (stucco veneziano) is the perfect solution for living rooms, bedrooms, hallways, and even bathrooms. We work throughout Estonia: Tallinn, Tartu, P\u00e4rnu, Narva.Why choose us?We work with designers and private clients \u2014 on-site visit, measurement, and consultation for free.","breadcrumb":{"@id":"https:\/\/stucco.ee\/#breadcrumb"},"inLanguage":"ru-RU","potentialAction":[{"@type":"ReadAction","target":["https:\/\/stucco.ee\/"]}]},{"@type":"ImageObject","inLanguage":"ru-RU","@id":"https:\/\/stucco.ee\/#primaryimage","url":"https:\/\/stucco.ee\/wp-content\/uploads\/2026\/03\/IMG_20251110_085602-scaled.jpg","contentUrl":"https:\/\/stucco.ee\/wp-content\/uploads\/2026\/03\/IMG_20251110_085602-scaled.jpg","width":2560,"height":1920},{"@type":"BreadcrumbList","@id":"https:\/\/stucco.ee\/#breadcrumb","itemListElement":[{"@type":"ListItem","position":1,"name":"\u0413\u043b\u0430\u0432\u043d\u0430\u044f \u0441\u0442\u0440\u0430\u043d\u0438\u0446\u0430","item":"https:\/\/stucco.ee\/"},{"@type":"ListItem","position":2,"name":"Main Page"}]},{"@type":"WebSite","@id":"https:\/\/stucco.ee\/#website","url":"https:\/\/stucco.ee\/","name":"Stucco.ee","description":"Venetian Plastering in Estonia","publisher":{"@id":"https:\/\/stucco.ee\/#organization"},"potentialAction":[{"@type":"SearchAction","target":{"@type":"EntryPoint","urlTemplate":"https:\/\/stucco.ee\/?s={search_term_string}"},"query-input":{"@type":"PropertyValueSpecification","valueRequired":true,"valueName":"search_term_string"}}],"inLanguage":"ru-RU"},{"@type":"Organization","@id":"https:\/\/stucco.ee\/#organization","name":"Stucco.ee","url":"https:\/\/stucco.ee\/","logo":{"@type":"ImageObject","inLanguage":"ru-RU","@id":"https:\/\/stucco.ee\/#\/schema\/logo\/image\/","url":"https:\/\/stucco.ee\/wp-content\/uploads\/2025\/03\/cropped-Logo-1-2.jpg","contentUrl":"https:\/\/stucco.ee\/wp-content\/uploads\/2025\/03\/cropped-Logo-1-2.jpg","width":512,"height":512,"caption":"Stucco.ee"},"image":{"@id":"https:\/\/stucco.ee\/#\/schema\/logo\/image\/"}}]}},"_links":{"self":[{"href":"https:\/\/stucco.ee\/index.php?rest_route=\/wp\/v2\/pages\/272","targetHints":{"allow":["GET"]}}],"collection":[{"href":"https:\/\/stucco.ee\/index.php?rest_route=\/wp\/v2\/pages"}],"about":[{"href":"https:\/\/stucco.ee\/index.php?rest_route=\/wp\/v2\/types\/page"}],"author":[{"embeddable":true,"href":"https:\/\/stucco.ee\/index.php?rest_route=\/wp\/v2\/users\/1"}],"replies":[{"embeddable":true,"href":"https:\/\/stucco.ee\/index.php?rest_route=%2Fwp%2Fv2%2Fcomments&post=272"}],"version-history":[{"count":173,"href":"https:\/\/stucco.ee\/index.php?rest_route=\/wp\/v2\/pages\/272\/revisions"}],"predecessor-version":[{"id":750,"href":"https:\/\/stucco.ee\/index.php?rest_route=\/wp\/v2\/pages\/272\/revisions\/750"}],"wp:attachment":[{"href":"https:\/\/stucco.ee\/index.php?rest_route=%2Fwp%2Fv2%2Fmedia&parent=272"}],"curies":[{"name":"wp","href":"https:\/\/api.w.org\/{rel}","templated":true}]}}